/3 - 5*h**2/2 - 4*h + 4. What is the remainder when 22 is divided by q(4)?
6
Let l(t) = -2*t**2 + 4*t + 10. Calculate the remainder when 39 is divided by l(0).
9
Suppose -3*x = x. Suppose x*w = w + 5. Let s(k) = k**2 + 2*k - 6. What is the remainder when 26 is divided by s(w)?
8
Suppose -27 = -5*b - 127. Let x = b + 33. Suppose 17 - 137 = -5*p - 2*w, -2*p + 4*w + 48 = 0. What is the remainder when p is divided by x?
11
Let y(i) = 7*i**3 + 2*i**2 - 3*i + 3. What is the remainder when y(2) is divided by 21?
19
Let s = 33 - 15. Suppose 5*f = 3*f + s. Let x = -13 + 30. Calculate the remainder when x is divided by f.
8
Suppose -5*k - 20 = -h - 10*k, 3*h = -2*k + 8. Let r(q) = -q**2 + 6*q - 5. Let b be r(4). Let f = b + h. Calculate the remainder when 7 is divided by f.
1
Suppose -3*t + 4*t - 71 = 0. What is the remainder when t is divided by 15?
11
Let t = -26 + -4. Let b be t/(-9) + (-2)/(-3). Suppose -2*y - 242 = -b*j, -5*j + 5*y = 2*y - 302. Calculate the remainder when j is divided by 16.
13
Suppose 0*b + 85 = 5*b + o, -67 = -4*b - o. Calculate the remainder when 56 is divided by b.
2
Let a be (-38)/(-2) - 6/2. Let h = 75 - a. What is the remainder when h is divided by 20?
19
Let u = 153 - 78. Let o = u - -13. What is the remainder when o is divided by 30?
28
Suppose 4*t - 4*n - 25 = -1, -5*t + 16 = 2*n. Suppose 21 - 6 = 5*u. Suppose 10 = t*m - u*m. Calculate the remainder when 28 is divided by m.
8
What is the remainder when 79 is divided by (-7)/1*6/(-14) + 38?
38
Suppose 0 = u - 6*u + 40. Let m = -5 + u. Calculate the remainder when (-3)/(-15) + ((-340)/(-25))/2 is divided by m.
1
Suppose -5*s = -s + 2*y - 346, 0 = 5*y + 25. What is the remainder when s is divided by 23?
20
Let f(b) = 6*b - 4. What is the remainder when 27 is divided by f(3)?
13
Calculate the remainder when 19 is divided by 14/91 - (-423)/39.
8
Suppose 3*z - 21 = 3*i, -z = 4*z. Let y be i - (2 + -1 + 0). Calculate the remainder when 19 is divided by (-29)/(-4) + 2/y.
5
Suppose -4*n - n - 2*w = 71, -64 = 4*n - 2*w. Let x = 21 + n. Suppose 2*o - 74 = -4*k, -5*k + 5*o + 68 - 13 = 0. Calculate the remainder when k is divided by x.
4
Suppose 0 = -4*i + 30 + 6. Calculate the remainder when 4 is divided by (6/i)/(2/6).
0
Suppose -28 = 5*x - 3. Let l(h) = -8*h - 5. What is the remainder when l(x) is divided by 9?
8
What is the remainder when ((-680)/(-102))/((-2)/(-24)) is divided by 22?
14
Let t = -8 - -22. Calculate the remainder when 38 is divided by t.
10
Suppose 3*s - 5*g = 194, s - g = g + 66. What is the remainder when s is divided by 10?
8
Suppose -5*q = -8*q + 84. Suppose -5*d - 7 + 27 = 0. Suppose 5*b + d*w - 79 = 0, 4*w + 0*w + 56 = 4*b. Calculate the remainder when q is divided by b.
13
Let l(z) = 54*z**3 + z**2. Suppose -f + w - 1 = 0, -w + 6*w = -5*f + 5. Suppose f*p - 5*p = -70. What is the remainder when l(1) is divided by p?
13
Let k(t) = t + 1. Let c = -4 - -16. What is the remainder when c is divided by k(6)?
5
Let g = 66 + -38. What is the remainder when (5 - 1)/((234/243)/13) is divided by g?
26
Suppose 0*c + 3*c - 9 = 0. Suppose 6 = 3*x + 5*w, -4*x + 5 + c = w. Calculate the remainder when 6 is divided by x.
0
Let t(j) = -j - 3. Let b be t(3). Let q(h) = h**2 + 2*h - 5. Let r = 50 + -43. What is the remainder when q(b) is divided by r?
5
Suppose -92 - 218 = -2*o. What is the remainder when o is divided by 40?
35
Let a = -28 + 53. Calculate the remainder when 48 is divided by a.
23
Let y be 2/6*(23 + -5). Suppose 5*x - y - 107 = -b, -2*b - 60 = -3*x. What is the remainder when x is divided by 8?
6
Suppose -4*p + 4*f + 71 = -p, -3*p = 3*f - 36. Calculate the remainder when p is divided by 10.
7
Let n(f) = -f**3 - 2*f**2 + 2*f + 2. Let l be (3 - 6)*(-8)/(-6). Let t be n(l). Let b = -15 + t. What is the remainder when b is divided by 4?
3
Let t(k) = -46*k + 1. What is the remainder when t(-1) is divided by (-1 + -1)*-1 + 22?
23
Let u(y) = 6*y - 27. Let r(a) = a - 4. Let m(o) = 27*r(o) - 4*u(o). Calculate the remainder when m(3) is divided by 5.
4
Suppose 0 = -5*d - 3 + 18. What is the remainder when d/(-15) - 378/(-15) is divided by 9?
7
Suppose 33*c - 28*c = 135. Let p(w) = -w**3 - 6*w**2 + 5*w. What is the remainder when c is divided by p(-7)?
13
Let t(x) = 5*x - 5. Calculate the remainder when 56 is divided by t(4).
11
Let i(m) = -3*m**2 + 5*m + 4. Let j be i(4). Let n = j - -44. Let o = 46 - 39. Calculate the remainder when n is divided by o.
6
Let x be -9 - -3*(-1 + 2). Let w(g) = g. Let s be w(x). Let z(r) = r**3 + 5*r**2 - 5*r + 8. Calculate the remainder when 3 is divided by z(s).
1
Suppose -2*x = -y - 6, 4*x - 1 - 11 = 5*y. Let z = -3 + 3. Suppose -4*s = -x*c - 3, z*c = -2*c - s + 9. What is the remainder when 5 is divided by c?
2
Let q be 2/12 + (-185)/30. Let h(p) = -2*p + 11. Let n(f) = -f + 1. Let g(b) = q*n(b) + h(b). What is the remainder when g(4) is divided by 8?
5
Let w(d) = 3*d - 28. Suppose 0 = -2*z - a + 48, 0*z - 3*a + 121 = 5*z. Calculate the remainder when z is divided by w(12).
7
Suppose 0 = 2*z + 3 - 43. Suppose -8*r = -3*r - z. Calculate the remainder when r is divided by 3.
1
Let a(j) = -j**2 - 4*j + 12. Calculate the remainder when 17 is divided by a(-5).
3
Let x = -24 - -49. Calculate the remainder when 3/(-1) + x - 3 is divided by 5.
4
Let k be 0 + 3 - (3 - 84). Suppose -a - k = -4*a. Calculate the remainder when a is divided by 2/(-4)*1*-20.
8
Suppose 9*r = 4*r + 5*f + 290, -3*f = -4*r + 235. What is the remainder when r is divided by 16?
13
Suppose 0 = -r + 24 + 23. Calculate the remainder when r is divided by 18.
11
Let o(z) = z**3 + 3*z**2 + 4. Let u be o(-3). Suppose u*b + 9 = 3*h, 3*b + 2 - 11 = 0. Calculate the remainder when h is divided by 4.
3
Let k = -122 + 189. What is the remainder when k is divided by 14?
11
Suppose 0 = 18*k - 16*k - 34. What is the remainder when k is divided by 12?
5
Calculate the remainder when ((-256)/12)/(6/(-18)) is divided by 6.
4
Let a be (-24)/(-32)*(-12)/(-1). Let o(f) = 3 - a*f + f - 4 - 4*f. Calculate the remainder when 32 is divided by o(-1).
10
Let c be (-1)/(-2)*(102 - 2). Suppose -3*x - 2*s + c - 16 = 0, -4*x + 42 = 2*s. Calculate the remainder when 15 is divided by x.
7
Let w = 31 + -22. Calculate the remainder when 26 is divided by w.
8
Let c(o) = o**3 + 5*o**2 - 3*o + 3. What is the remainder when c(-4) is divided by 11?
9
Suppose 0*c - 5*o - 40 = -c, -5*o = -3*c + 90. What is the remainder when c is divided by 7?
4
Let f(l) = 2*l - 2. Let b be f(-1). What is the remainder when 131 is divided by (-1 - -17)/b - -37?
32
Let d = -7 + 15. Calculate the remainder when 1*(12*2 - 2) is divided by d.
6
Let y = 10 - 11. Let q = 7 + y. Calculate the remainder when 16 is divided by q.
4
Suppose 6*b + 0 = 24. What is the remainder when 12 is divided by b?
0
Let x = -70 + 78. Calculate the remainder when 12 is divided by x.
4
Suppose -t - 2*i - 4 = -13, 15 = 3*t + 2*i. Let h(g) = g**2 + g + 7. Calculate the remainder when h(0) is divided by t.
1
Suppose 4*p - 1 - 83 = 0. What is the remainder when 103 is divided by p?
19
Let v = 5 + -5. Suppose v = r + 3*r - 8. Suppose -3*d - 2*m + 34 = 0, -4*m + 6 + r = 0. What is the remainder when 18 is divided by d?
8
Let z = -5 + 9. What is the remainder when (-1)/z - (-148)/16 is divided by 6?
3
Let u = -8 - -11. Suppose 22 = 4*j + 5*b, -b + 7 = 3*j - 2*b. What is the remainder when j is divided by u?
0
Let x = 30 - 13. What is the remainder when x is divided by 12*-1*(-2)/4?
5
Suppose 3*s - 18 = -0*s. Calculate the remainder when -2 + -8*(-3)/2 is divided by 14/3 + (-4)/s.
2
Let d be 4/6 - (-44)/6. Suppose d*s - 3*s = 205. What is the remainder when s is divided by 21?
20
Let h(p) = p**2 + p - 28. Let f(y) = 5*y + 5. Calculate the remainder when f(4) is divided by h(-7).
11
Let c(z) = -15*z - 1. Calculate the remainder when 115 is divided by c(-2).
28
Let h = 39 - 24. Let d(g) = g + 8. Calculate the remainder when h is divided by d(-4).
3
Suppose -4 = -4*c + 56. Calculate the remainder when 59 is divided by c.
14
Let b = 25 + 16. Let j(t) = 5*t + 4. Let m(n) = 3*n + 2. Let w(p) = 6*j(p) - 11*m(p). Calculate the remainder when b is divided by w(-3).
8
Let k(f) = -2*f + 2. Let q = 3 - 12. Calculate the remainder when 77 is divided by k(q).
17
Let x = -1 +